ppose -6*i - 51*i = 43*i - 136100. Is i a prime number?
True
Let t = 81 + -48. Let c = t + -36. Let a(r) = -15*r**3 - 4*r**2 + 4. Is a(c) prime?
True
Let a = 53 - 50. Suppose -t - 1416 = 2*t - f, -5*t - 2374 = a*f. Let w = -206 - t. Is w composite?
True
Let l(s) = -s**3 - 2*s**2 + 3*s + 10. Let k be l(-2). Suppose 2*w - 19068 = -3*p - 3239, -k*w - 4 = 0. Is p a composite number?
True
Let y(x) = -29*x**3 + 4*x**3 - 14*x**2 + 0*x**2 - 8 - 3*x**3 - 37*x. Is y(-7) composite?
True
Suppose 3 = -0*h - 3*h, -2*a - 3 = -5*h. Let j be a - (-9)/3 - 263. Let m = -185 - j. Is m a prime number?
True
Is (-1803)/12*-1*(2158 - -6) composite?
True
Let c = 14086 + -3488. Let h be (16/(-60))/(-2) + (-1586)/195. Is h/(-36) - c/(-18) prime?
False
Let a(v) = 76*v**2 - 25*v + 845. Is a(26) a prime number?
False
Let h be (-3 + -1)*(0 - (-3 + 14)). Is -3 + 4430/8 + 11/h composite?
True
Let s be (7/3)/((-805)/(-1035)). Let x(k) be the second derivative of 15*k**3/2 - 2*k**2 + 3*k. Is x(s) prime?
True
Let h be (-16)/(-152) - (-465124)/(-38). Let f = -5641 - h. Is f a prime number?
True
Let v = 603627 - 292700. Is v a composite number?
False
Suppose -28*m - 30465 = -138881. Suppose 2*w - 14674 = -m. Is w composite?
True
Let g(d) = d**3 + 4*d**2 - 6*d + 1. Let f be g(-6). Let m = 33 + f. Is (1147 - m)/((-42)/(-28)) composite?
True
Let w = 40 - 36. Let f be (-140)/(-24) - w/(-24). Suppose 987 = -f*x + 7509. Is x composite?
False
Suppose 5*f + 5*o - 7371 = 7*f, 0 = -3*o - 15. Let g = -1440 - f. Is g a composite number?
True
Suppose 617 = -9*n + 22352. Suppose -r + 1147 = 2*s - 469, -3*r = -3*s + n. Is s prime?
False
Let m(j) = 2*j**3 + 4*j**2 + 11*j + 6. Let d be m(-4). Let h be (4/(-3))/(d/18 + 5). Suppose -h*n = -327 - 147. Is n a prime number?
False
Let g(h) = 52827*h - 602. Is g(5) a composite number?
False
Let x be (78/9)/((-282)/90 - -3). Is (2/6)/(x/(-2289885)) composite?
False
Suppose -2*j - 421*b + 886842 = -425*b, -b - 2217042 = -5*j. Is j prime?
True
Let y(l) = -8*l**3 + 5*l**2 - l + 4. Let s be y(2). Let h(q) = 15*q**2 - 32*q + 97. Is h(s) a composite number?
False
Let s(k) = -28*k**2 - k + 27343. Is s(0) a composite number?
True
Let h be 27058/(-19) + 6/57. Let o = 3258 - h. Is o a composite number?
True
Suppose r - 2*i = 5*r - 30, 0 = 2*r + 5*i - 3. Suppose -r*u = 2*u - 26521. Is u prime?
True
Let f = -3845 - -6752. Let y = f + -1990. Is y a prime number?
False
Suppose 341*r + 5*i = 345*r - 29289, 2*r - 14637 = -5*i. Is r a prime number?
True
Let t(f) = -1127*f + 495. Is t(-16) composite?
True
Let w be (-2 - 92/(-10)) + (-3)/15. Suppose -w + 10 = o. Suppose 36 - 149 = -o*u + 4*s, -2*u + 57 = s. Is u prime?
True
Suppose -1254201 = 241*w - 280*w. Is w prime?
True
Let w = 10735 - 1938. Suppose 2*m + 9 = -m, 4*x = -5*m + w. Is x prime?
True
Let d be 658665/28 + 3/(-48)*-4. Suppose -10*b + 5766 = -d. Is b a prime number?
False
Let f(d) = 2*d**2 - 3*d - 11. Let s be f(-3). Let v(z) = -s - 20*z + 3*z - 6*z. Is v(-3) composite?
False
Suppose 2 = 2*q - 0*c - 5*c, -4*q + c = 32. Let u(b) = -b**3 + 2*b**2 - b - 3. Let t be u(q). Let i = -563 + t. Is i a prime number?
False
Let i(v) = -43*v - 14. Suppose -3*x - 2*x = -2*z + 115, 4*x = -2*z - 110. Let n = x + 16. Is i(n) prime?
True
Suppose -j - 4*p + 4 = 0, -5*j = -0*j + 2*p + 34. Let s be 4/(-8)*j + 2730. Suppose -3*d = s - 8185. Is d prime?
False
Suppose -3*d = 2*t - 178066, -408*t + 2*d - 89035 = -409*t. Is t a composite number?
True
Let p(d) = -9*d**3 - 4*d**2 - 4*d - 6. Suppose 2*n = 6, -3*i - 2*n - 6 - 15 = 0. Let b be ((-30)/i)/((-4)/6). Is p(b) a composite number?
False
Let c = 9310 + -5851. Is (-4)/(-6)*(12 + -18) + c prime?
False
Let q = 73 - 79. Is 5*q/(-165) - (-103066)/22 composite?
True
Suppose -4*i = -22 + 6. Suppose q - 9 + i = 0. Suppose -5*l + 296 = -3*l + 5*p, q*l - 2*p = 711. Is l composite?
True
Let k = 52 - 80. Let d be 21/k*1*4 + 1145. Let q = d + -255. Is q a composite number?
False
Let y(m) = -1018*m - 100. Let a be y(-4). Let x = 7298 - a. Is x a prime number?
False
Let z be (-110)/(-4)*1*-732. Let i be z/7 - (6 - (-120)/(-21)). Is (-2*i/(-8))/(1 + -2) composite?
False
Suppose 2*k + 10346 = 2*t - 7500, -5*k = 3*t - 26769. Is t prime?
True
Let i(z) = -2*z + 29. Let p be i(10). Let h = 19 - p. Suppose -5*s - 4*a = -35, -2*a - h = 3*s - 29. Is s prime?
True
Suppose 7005145 = 331*o - 37973452. Is o a prime number?
True
Let k(q) = q**3 + 3*q**2 + 10*q - 3. Let g(z) = -2*z**3 - 6*z**2 - 20*z + 6. Let h(n) = -6*g(n) - 11*k(n). Is h(11) composite?
False
Suppose 10*c = 3*c + 588. Suppose c*m + 19153 = 85*m. Is m prime?
False
Suppose 0*w = 22*w - 2497238 + 140136. Is w composite?
True
Let h(o) = 160*o**3 - 3*o**2 - 11*o + 16. Let r be h(4). Let q = -1051 + r. Is q a composite number?
True
Let w = 5 + -5. Suppose -3*t = -s + 2510, w*t + 2*t - 7497 = -3*s. Suppose h + 1249 = 2*f, h + s = 4*f - 2*h. Is f a prime number?
False
Let o be -3 + 15/4 + (-90)/(-8). Let f(b) = 2 - o + 62*b**2 - 10*b - 2 + b. Is f(-5) a composite number?
False
Is (-77)/14*(-62214)/33 a prime number?
True
Let d be 51/(-6)*-1*10. Let a be 0 + 17/(-5) + 34/d. Is 233/(((-21)/9 + 2)*a) composite?
False
Let t = 78 - 78. Suppose 2*j + 3*g - 2183 = 0, -3*j + 3*g = -t*g - 3252. Is j composite?
False
Let y = 8801 - -743. Suppose 30*s = 22*s + y. Is s composite?
False
Suppose -157*a + 202*a = 6315795. Is a composite?
False
Suppose -n + 5*z + 502 = 0, 4*z + 14 = 2. Suppose -1843 = -3*f - 2*t, -3*t + 0 = -3*f + 1818. Suppose -f = -9*w + n. Is w a prime number?
False
Is -6 - ((-151728)/(-9))/(-8)*(-51)/(-2) a composite number?
False
Let w(l) be the third derivative of l**9/60480 + l**8/1680 + l**6/120 - l**5/60 - 9*l**2. Let g(p) be the third derivative of w(p). Is g(-7) composite?
False
Let m = -549 - -1120. Suppose 10989 = 2*i + m. Is i a composite number?
False
Suppose 0 = -48*w + 3962573 + 11322691. Is w a prime number?
True
Let o(l) = -1011*l + 18. Let w(k) = -k - 1. Let b(g) = o(g) + 6*w(g). Let x be b(-11). Is 14/63 - x/(-27) prime?
False
Is (-24 - -7967620)/26 + (-9 - 0) a composite number?
False
Let v(q) = 3*q + 38. Let f be v(-13). Let h be 3 - (-6369 + 0 + f + 0). Suppose -u + 3827 = 3*y, -3*y + h = 2*y + 3*u. Is y prime?
True
Let y(x) be the second derivative of -27*x**5/20 + x**4/4 - 3*x**3/2 + 11*x**2/2 - x + 32. Is y(-4) composite?
False
Let v = -901 - -1338. Let b = v - -152. Is b a prime number?
False
Let m(q) = 24*q**3 + 5*q**2 + 3*q - 7. Suppose 0*b = -b + 6. Let l(g) = 73*g**3 + 14*g**2 + 8*g - 20. Let i(t) = b*l(t) - 17*m(t). Is i(3) composite?
True
Suppose 100*c + i = 96*c + 152398, -3*c = -3*i - 114291. Is c prime?
False
Is (-1164097)/(-23) - (-25)/(1725/6) prime?
False
Let a(t) = -t**3 + 9*t**2 - 14*t + 9. Let y be a(6). Let u be (93/y - 3)*-11. Is 188 + (0 - -5 - u) prime?
True
Is (18/189 + 13/84)*92756 a prime number?
True
Let n = 2148 + -942. Let c = 2650 - n. Suppose 6541 = 5*f - c. Is f a prime number?
True
Let q = -8 - -16. Let i(z) be the second derivative of z**4/12 - 2*z**3/3 - z**2/2 + 4*z - 15. Is i(q) composite?
False
Let u = 85938 - 50668. Suppose -6*h + u = 1256. Is h prime?
True
Let d(h) = -h**3 + 3*h + 6. Let b = -5 - -5. Let i be d(b). Suppose i*m - 1969 = 905. Is m a prime number?
True
Is 649330/20 + (-12)/(-24) prime?
True
Suppose -4*r = 2*t - 38 - 108, 3*t = 4*r + 259. Suppose b - 422 = t. Is (b - 1)*(-1 + (-12)/(-8)) composite?
False
Suppose -851354 = -3*a - 5*o, -o + 851374 = -28*a + 31*a. Is a a composite number?
False
Suppose 0 = -0*c + 5*c - 10110. Suppose 3*n + 212 = 242. Suppose -n*a = -c - 488. Is a composite?
False
Suppose 0 = 3*f + 22*f - 541175. Is f prime?
True
Let v = 46923 + -5270. Suppose -5*l - 4*k = -v, 4*l + 38*k = 39*k + 33314. Is l a prime number?
True
Let v be (32/(-12))/((-14)/25242). Let x = v - -3831. Is x composite?
True
Let l = -7 + 11. Let r be -9 + 8/2 + 1 + 9. Suppose 0 = 2*u - d - 777, 4*d - r*d - 1559 = -l*u. Is u prime?
False
Let o = -1550565 + 2541202. Is o a prime number?
True
Let s(w) = -60*w - 60*w + 6 + 25. Is s(-14) a prime number?
False
Let l(p) = -p + 19. Let m be l(15). Suppose 4*c - 76 = 4*y, -c + 64 = 2*c + m*y. Suppose 3*h + 2*f - 4 = 873, 0 = 5*f + c. Is h a prime number?
False
Suppose -6*i + 59 = -3*i - 4*u, -5*i + 2*u + 89 = 0. Suppose i*d = d + 230416. I